).
-4
Suppose -3*m - 6 = -2*s + 2*m, -2*m = -2*s + 6. Let p(h) be the first derivative of h**3/3 - 3*h**2/2 - h + 180. What is p(s)?
-1
Suppose -3*m - 16 = -4*p, 3*p - 17 = 2*m - 5. Let a = m - -1. Let k(x) = 2*x + a - x - 2*x. Determine k(-1).
2
Let y(f) be the second derivative of 13/12*f**4 + 0 + 1/2*f**2 - 1/6*f**3 + 5*f. Give y(1).
13
Let z be 4/(8/3)*-2. Let t(j) = -j**2 + 6*j. Let o be t(7). Let s(p) = -p + 6. Let m(i) = 2*i - 13. Let a(l) = o*s(l) + z*m(l). Calculate a(5).
2
Let z be (-6 - -6)/(-2 - -1). Let o(c) be the first derivative of -c**4/4 + c**3/3 - c**2/2 + 4*c - 2. What is o(z)?
4
Let x = -7 - 9. Let r be 3/(-9) - x/3. Let k(m) = -m**3 + 6*m**2 - 6*m - 1. Give k(r).
-6
Let b(q) = 5*q + 5. Let a be b(6). Suppose -2*r = -5*k - 14, -r = 5*k + 4*r + a. Let t(z) be the third derivative of z**4/12 + 5*z**3/6 + z**2. What is t(k)?
-3
Let q be ((-5)/2)/(9/18). Let h(w) = -2*w + 3. Let n be h(-3). Let o = q + n. Let j(z) = z - 5. What is j(o)?
-1
Let c(d) = -4*d**3 + 11*d**2 - 15*d + 19. Let m(l) = l**3 - 4*l**2 + 5*l - 6. Let p(t) = -2*c(t) - 7*m(t). Calculate p(-7).
-10
Let r(d) = -d**2 + 10*d - 12. Let h(i) = i**2 - 9*i + 11. Let w(b) = -5*h(b) - 4*r(b). Calculate w(5).
-7
Let j(h) = h - 3. Let w(x) = x**2 + 5*x - 6. Suppose 6*b - 2*b - 3*z = -15, 0 = b - z + 3. Let m be w(b). Let a = 3 - m. Give j(a).
0
Let h(v) = -v + 2 + 2*v + 5 - 12. Give h(5).
0
Let v(n) be the third derivative of n**6/120 + 2*n**5/15 - 11*n**4/24 - 4*n**3/3 - 5*n**2. Give v(-9).
10
Let k(x) be the first derivative of -x + 6 + 5/2*x**2 + 1/3*x**3. Calculate k(-5).
-1
Let u(x) be the second derivative of x**8/6720 - x**7/504 + x**6/240 - x**5/60 - x**4/12 - 2*x. Let c(y) be the third derivative of u(y). Give c(2).
-8
Suppose -6 = -3*m + v, 3*m - 8 = 4*v + 7. Let f(i) be the first derivative of -5*i**3/3 - i**2 + i + 1. Determine f(m).
-6
Let f(t) = 12 - 9 - t**3 - 3*t**2 + 2*t**3 - 3*t. Give f(4).
7
Let q(z) = 17*z - 4 - 11*z + 5 - 11*z. What is q(2)?
-9
Let x(b) = 2*b + 5. Let c(s) = -3*s - 9. Let v(m) = -3*c(m) - 5*x(m). Let t be (1/3)/(1/3). Give v(t).
1
Let z be (-1 + -4)/((-7)/7). Let n(a) = a**2 - 5*a - 7. Calculate n(z).
-7
Let y be (-532)/20 + 4/(-10). Let j be (-60)/y - (-2)/(-9). Let l(u) be the first derivative of u**2 - 2*u - 1. What is l(j)?
2
Let g(f) = -f - 4. Suppose 2*l + 2*j - 8 = 0, -4*l - j + 16 = -6*j. Suppose c = l*x - 5 - 14, c - 13 = -4*x. Calculate g(x).
-8
Let z(c) = c**3 - 2*c**2 - 4*c. Let w be z(3). Let v be 1/w + 34/(-6). Let p(a) = -2*a + 27 + 26 - 50 + 3*a. Calculate p(v).
-3
Let c(m) = m**3 - 15*m**2 - m + 18. Let f be c(15). Let j(o) = -3*o + 3. Give j(f).
-6
Let m(y) be the first derivative of -2*y**3 - y**2/2 - y + 3. Let d be 16/24*18/4. Suppose 0 = u - 4*n + 5*n + d, -3*u + 3*n = -3. Determine m(u).
-6
Let q(x) = 2. Let v(p) = -p - 3. Let k(m) = 6*q(m) + 5*v(m). Let s be (-6 - -2)/(-4) - (-2 - -5). Determine k(s).
7
Let w(d) = -1 + d**3 + 2*d**3 - 4*d**3. Let g be -2*(-2 - 0/(-2)). Let o be -4 + g - (-2 - -2). Determine w(o).
-1
Let a(p) = -12*p**2 + 8*p**2 + 3*p**2 - 5*p - 3. Calculate a(-5).
-3
Let m(s) = 8 - 11 + s - s**2 + 3*s. What is m(4)?
-3
Let q(x) = 2*x**3 - 3*x + 5*x**2 - x**2 - 3 - 3*x**3. Let s = -15 + 21. Suppose 5*n = s + 9. What is q(n)?
-3
Let g(x) = x**3 + 2*x**2 - 4 + 3 + 0*x**2. Suppose 25 = -4*l + 21. Determine g(l).
0
Let i(l) = -5*l**3 - 2*l**2 - 11*l - 8. Let d(k) = -14*k**3 - 7*k**2 - 32*k - 23. Let g(x) = 4*d(x) - 11*i(x). Give g(-5).
6
Let x(u) = 2*u - 6. Let d(t) = -t - 1. Let y(g) = g**2 + 3*g + 4. Let r(n) = 6*d(n) - y(n). Let h be r(-8). Let p be (h/(-2))/((-2)/(-10)). Calculate x(p).
4
Let a(z) = -z + 3. Let p = 2 - -4. Let x(m) = -m**2 + 7*m + 1. Let v be x(p). Let c = 3 - v. Calculate a(c).
7
Let o(g) = 4*g**3 - g**2 + 1. Let u(c) = c**3 + 11*c**2 + 8*c - 21. Let t be u(-10). Calculate o(t).
-4
Suppose -2*b + b = g + 2, 3*b - 10 = 5*g. Let p = g + 2. Let q(s) = -1 + 4*s**2 - s - 5*s**2 + p*s. Give q(0).
-1
Let h(b) be the third derivative of b**4/12 - b**3 + 2*b**2. Suppose a = 5*z + 33, 3*a - 21 = 2*z - 0*z. Let r = -2 - z. Give h(r).
2
Let w(p) = 2*p - 4. Suppose -20*b = -26*b + 24. What is w(b)?
4
Let j(t) = -t**3 + 7*t**2 + 9*t - 12. Suppose 0 = 2*r - 5*m - 36, -m = -r - 2*m + 4. Let a be j(r). Let f be 0/1*2/a. Let s(b) = -b + 3. Determine s(f).
3
Let q = 38 + 10. Suppose -2*k - 14 = 4*j, 5*k + 8 = 5*j + q. Let d(u) = -u**3 + 2*u**2 + 3*u - 3. Give d(k).
-3
Let c(i) = -i + 1. Let h be c(-5). Let q(o) = -o**2 + 9*o - 6. Calculate q(h).
12
Let x be 2/(-7) - 46/(-14). Suppose 2*t + t - 9 = 0. Let b(o) = 14*o**t - 6*o**x - 1 + 0. Calculate b(-1).
-9
Let f(q) be the first derivative of -q**3/3 - 9*q**2/2 - 6*q - 23. Determine f(-9).
-6
Let p be 1/((-3)/(-45)) + -2. Let r(m) = m**3 - 4 - 4*m - 5*m - 4*m**2 + p*m - 9*m. Calculate r(5).
-4
Let z(c) = -c**2 - c. Let i(n) = n**3 - 6*n**2 - 4*n + 5. Let a(v) = -i(v) + 2*z(v). Let h be (3 - 1)*(-2 - -5). Let d be (-16)/h*(-6)/4. What is a(d)?
3
Let z(y) = 12*y**3 - 8*y**2 - 2*y - 1. Let a(j) = -11*j**3 + 7*j**2 + 2*j + 1. Let k(s) = 7*a(s) + 6*z(s). What is k(-1)?
5
Let a(d) = 2*d**2 - 2 - d**2 + 4 + 2*d - 7*d. Give a(3).
-4
Let j be (12/15)/(2/15). Let o(r) = r**2 - 4*r - 6. Determine o(j).
6
Let b be -4 + (2 - 2) + -2. Let c be (-3)/(27/b)*3. Let n(d) = 0*d - c*d - 1 + 3*d. Calculate n(4).
3
Suppose -11 = 5*q + d - 34, 0 = 4*q + 3*d - 25. Let i(h) = -6*h - 1. Give i(q).
-25
Let k(o) = -o**2 + 2*o. Let f be k(-2). Let p(a) = a + 6 + 1 + 1. Let x be p(f). Let z(t) = -t**2 - 8. Determine z(x).
-8
Let r(s) = s + 1. Suppose -2*l + 17 = 5*n - 6*l, -2*n + 16 = 3*l. Let d be r(n). Let w(z) = z**2 - 5*z - 3. Determine w(d).
3
Suppose c - 2*t + 0*t = 19, 0 = -5*t - 5. Let x = c - 15. Let s(y) = 6*y + 4*y - 2 - 6*y. What is s(x)?
6
Let p(f) be the third derivative of -f**4/24 + 5*f**3/2 - 19*f**2. Calculate p(8).
7
Let g(f) = 0*f + f**2 - 6*f - 1 + 2*f. What is g(4)?
-1
Let l = 32 + -26. Let t(j) = -j**3 + 6*j**2. Determine t(l).
0
Let a(m) be the third derivative of -m**5/15 + 23*m**2. Calculate a(1).
-4
Let q(f) = 2*f**2 - 2*f - 1. Let b be q(2). Let x = 38 - 32. Let a(c) = x - 2 + 3 - b + c. Calculate a(4).
8
Let b(q) be the second derivative of q**3/3 + q**2 + 14*q + 2. Give b(2).
6
Let s be (-2 - 0) + 27 + 0. Suppose -m = 4*m + s. Let n(c) = c**2 + 5*c + 1. What is n(m)?
1
Let h(n) = 2*n**2 + 5*n + 2. Let p be h(-3). Let r(d) = -p - d - 2 + 0. Give r(-5).
-2
Let o(k) = -2*k**2 + 8*k + 10. Suppose 5*m = 12 + 23. Calculate o(m).
-32
Let u(x) be the first derivative of -x**4/4 + x**3/3 + 12*x - 1. Give u(0).
12
Let a(h) = 2*h - 2. Let b(k) = -k**3 - 6*k**2 - 5*k + 3. Let n be b(-5). Let v be 26/4 + 1/(-2). Suppose v = -w + n*w. Give a(w).
4
Let s(d) = -4 + 6*d + 2 + 7 + 3. Let x(w) = 3*w + 4. Let k(r) = 3*s(r) - 5*x(r). What is k(-3)?
-5
Let m be 690/35 + 4/14. Suppose -3*y - 4*b - m = -y, 5*b = -3*y - 26. Let f(n) = -n**3 + n - 1. Determine f(y).
5
Let h(r) = r - 2. Let d be (8/(-10))/((-2)/15). Let v be h(d). Let t(k) = 5 + k - v + 3. What is t(-3)?
1
Let y(b) = b**2 - 6*b - 7. Let l be y(8). Let u = -6 + l. Let o(j) = j**3 - 2*j**2 - 3*j. Give o(u).
0
Let z = 10 + -7. Suppose -5*v = z + 7. Let h(y) = 9*y**2 + 6*y + 5. Let b(k) = -13*k**2 - 9*k - 7. Let l(d) = -5*b(d) - 7*h(d). Calculate l(v).
2
Let g(f) be the first derivative of -f**4/4 + 4*f**3/3 - 3*f**2/2 + 6*f + 7. Let a be (-300)/(-78) - 2/(-13). Calculate g(a).
-6
Let d(u) = 19*u - 16. Let g be d(1). Let m(j) = j**3 - 2*j**2 - 2*j + 4. Give m(g).
7
Let j(i) = 3 + i - 1 + 1. Let o be j(-7). Let h(v) be the third derivative of -v**4/12 - v**3 + v**2. What is h(o)?
2
Let w be (-47)/(-3) - (-1)/3. Suppose -3*d - 3*p + 3 + 0 = 0, -d = -2*p - w. Let r(o) = o**2 - 4*o - 7. Give r(d).
5
Suppose 5*k = -0*k + 10. Let t(x) = 6*x**3 - k*x**3 + x - 3*x - 3*x**3. Calculate t(2).
4
Let v(i) be the first derivative of -5*i**3/3 + i**2/2 + 2*i - 1. Let q(w) = w**2 + w + 1. Let j(y) = 6*q(y) + v(y). Calculate j(-6).
2
Let u be (-8)/14 + 9/(-21). Let q(z) = -8*z - 1. Determine q(u).
7
Let q(b) be the first derivative of -b**5/20 - b**4/4 + b**3/6 - b**2/2 - 4*b + 5. Let k(w) be the first derivative of q(w). Calculate k(-3).
-4
Let l(n) be the second derivative of n**3/3 + n**2 - 9*n - 3. What is l(-8)?
-14
